 by 17.
16
Suppose 46*w + 150 = 61*w. What is the remainder when 33 is divided by w?
3
Suppose -25 + 23 = 2*w - 3*r, w + 5*r = 12. What is the remainder when 27 is divided by w?
1
What is the remainder when 38 is divided by 3 - (8 + -5) - -4?
2
Let q(k) = -3 + 16 + 22 + 0*k - 2*k. Calculate the remainder when q(16) is divided by 1.
0
What is the remainder when 33 is divided by (-84)/(-20) - (-7)/(-35)?
1
Suppose -4*a + 5*a = 17. Let u = 25 - a. What is the remainder when 18 - ((-1)/2)/(((-351)/(-130))/27) is divided by u?
7
Let g(j) = j**2 + 2*j - 3. Let b be g(-5). Suppose b*w - 11*w = 45. Calculate the remainder when w is divided by 24.
21
Let b(m) = -m**3 + 4*m**2 - 9*m - 25. Calculate the remainder when b(-3) is divided by 14.
9
Let n = -320 + 402. Calculate the remainder when 157 is divided by n.
75
Let h = 186 + -71. Let s(i) = -i**3 + 42*i**2 + 142*i - 286. Calculate the remainder when h is divided by s(45).
28
Let o(j) = 54*j + 4 - 8 + 5. What is the remainder when o(3) is divided by 42?
37
Let u = -7935 - -7945. Calculate the remainder when u is divided by -2 - (1 + 0 - 8).
0
Suppose 0 + 15 = 5*q. Suppose 5*i + 20 = 0, 4*w = -2*i - q*i. Calculate the remainder when 78/10 + -1 + (-36)/(-30) is divided by w.
3
Let g = 5 - 1. Suppose 0 = g*c + c + 20, -3*n + 10 = 2*c. Suppose -3*p - 51 = -n*p. What is the remainder when p is divided by 6?
5
Suppose -3*h + 4*k = -52, 5*h - 40 = -k + 39. What is the remainder when 655 is divided by h?
15
Let d = 59 - 20. Let x = -23 + d. Calculate the remainder when 29 is divided by x.
13
Suppose 4*y = -3*m + 184, -212 = -5*y + 3*m + 18. What is the remainder when 171 is divided by y?
33
Calculate the remainder when -1 + -1 - (-160 + -2 + 2) is divided by 16.
14
Let w = -1 - -9. Calculate the remainder when 6/w + 241/4 is divided by 21.
19
Let w = -39 - -63. What is the remainder when 4/(-4)*-51 - (7 + -3) is divided by w?
23
Suppose -2*d + 183 = -3*w + 550, 0 = d - 1. Let h = -66 + w. Suppose -z + 23 = a, h - 142 = -4*z + 3*a. Calculate the remainder when z is divided by 12.
10
Let j be 1/((-2)/(-244)) + -3. Suppose 3*p - 5*r - 151 = 0, -2*r = 3*p - 39 - j. Let i = p - 30. Calculate the remainder when 87 is divided by i.
21
Suppose -2*g - 36 = -6*g. Let n = 103 + -64. Let m = n - 14. What is the remainder when m is divided by g?
7
Let b be ((-132)/(-77))/(5/(-7) + 1). What is the remainder when b/(-33) - 0 - (-6940)/55 is divided by 32?
30
Suppose 494 - 8 = 9*c. Suppose -4*r + 39 + 17 = 0. Calculate the remainder when c is divided by r.
12
Let m(z) = -z**2 + 8*z. Suppose -h - 4 = 0, 0*x - 20 = -x + 4*h. What is the remainder when 61 is divided by m(x)?
13
Suppose 2*u - 100 - 18 = 4*s, 2*u + s - 118 = 0. What is the remainder when u is divided by 12?
11
Suppose -4 = -4*c, -j = 3*j - 3*c - 1413. Suppose -10*l - 84 + j = 0. What is the remainder when l is divided by 6?
3
Suppose 5*q + 1070 = 2*n, -2*n - 2*q + 617 = -425. What is the remainder when n is divided by 44?
41
Suppose -4 = -2*x, -2*v = -v - x - 7. Let w be (15 + -1)/(0 + -1). Let u = w + 31. Calculate the remainder when u is divided by v.
8
Let g = -70 + 190. Calculate the remainder when g is divided by 25.
20
Calculate the remainder when 521 - 6 - 0/(1 + -2) is divided by 37.
34
Let h = 10 + 8. Suppose h*j - 147 = 11*j. What is the remainder when 69 is divided by j?
6
Let k(o) be the first derivative of 1/2*o**2 - o + 8 + 17/3*o**3. What is the remainder when 50 is divided by k(1)?
16
Let g(j) = -3*j**2 + 71*j - 3. Calculate the remainder when g(23) is divided by 12.
7
Suppose 0 = -4*n + 9 + 19. Suppose -n*w = 50 - 218. What is the remainder when 94 is divided by w?
22
Suppose -4*x = 6*d - 4, -x = 47*d - 51*d - 34. Let g = 54 + 14. Calculate the remainder when g is divided by x.
8
Calculate the remainder when 152 is divided by ((-2)/(-4))/((420/432)/35).
8
Suppose -z + 11*z = -30. Let i(h) = h**2 - 4*h. Calculate the remainder when 52 is divided by i(z).
10
Suppose 0*h = -h + 1, -4*a + 5*h + 35 = 0. Let l = 105 - 19. Suppose 2*i = -3*o + 68, 3*i - l + 6 = o. What is the remainder when i is divided by a?
8
Suppose g + 18 = 3*g + 5*t, 4*g - 60 = 2*t. Let x be 24/30*(35 + 0). What is the remainder when (-7)/(x/16)*-10 is divided by g?
12
Let g be (3 - 4)*1*-1. Let s(j) = 9*j + 3. Calculate the remainder when 21 is divided by s(g).
9
Suppose 0 = -5*n + 3*c + 31, 4*n - c - 12 - 17 = 0. Suppose 0 = -3*r + 5*b + 20, 2*b - 3*b - 1 = 0. Calculate the remainder when n is divided by r.
3
Let v be 9/(-6)*2*-5. Let l = 22 - v. Suppose -8 = -l*g + 5*g. Calculate the remainder when g is divided by 3.
1
Suppose -24 = -5*j + 3*x, 30 = 3*j + 3*x + 6. Calculate the remainder when 22 is divided by j.
4
Suppose 13*p = 2226 + 1804. Calculate the remainder when p is divided by 36.
22
Let i(q) = 10*q**2 - 13*q - 80. Calculate the remainder when i(-5) is divided by 17.
14
Let v = -16 - -31. Suppose -38 = -2*f - 32. Suppose 17*d - f*d = 56. Calculate the remainder when v is divided by d.
3
Suppose -124 = 5*q - 329. Calculate the remainder when q is divided by 22.
19
Let l(p) = 11*p. Let u(y) = 12*y. Let g(k) = -5*l(k) + 4*u(k). Let t be g(-1). What is the remainder when t/(42/(-117))*-2 is divided by 21?
18
Suppose 0 = 6*r + 222 - 510. Calculate the remainder when r is divided by 28.
20
Let x = -13 + 53. What is the remainder when 278 is divided by x?
38
Suppose 14*u - 251 = 29. What is the remainder when 139 is divided by u?
19
Let m(v) = v**3 + 13*v**2 - 28*v - 25. What is the remainder when m(-14) is divided by 43?
42
Let f(z) = -z**3 + 7*z**2 - 6*z + 1. Let c be f(7). Let h = 28 + c. Let t = 15 + h. Calculate the remainder when t is divided by 2.
0
Let j = -551 - -575. What is the remainder when 107 is divided by j?
11
Let q(g) = -g**3 - 15*g**2 + 7. Let p be q(-15). Calculate the remainder when 22 is divided by 7 + (3 - p) + 0.
1
Let r be 4 - (0/(-1))/(-3). Suppose -2*b = -b - 92. Suppose -r*a = -8*a + b. What is the remainder when 68 is divided by a?
22
Let k be (-92)/23 + 3*3. Suppose 0 = k*u - u - 16. Calculate the remainder when 6 is divided by u.
2
Let z(l) = 11*l - 3*l - 7 - 6*l. What is the remainder when 64 is divided by z(10)?
12
Calculate the remainder when 117 is divided by -5 + 10 - (-66 - -5).
51
Suppose -2*v + 64 = -2*f + 14, 19 = v - 3*f. Calculate the remainder when v is divided by 11.
6
Suppose a + 3 = 12. What is the remainder when 276 is divided by a?
6
Let g(v) = -v. Let a be g(12). Let t(r) = r**3 + 12*r**2 - 2*r + 5. Let b = 81 + -26. What is the remainder when b is divided by t(a)?
26
Let h = 17 + -11. Suppose 0 = -4*k + q + 158, -3*k + 62 + 60 = q. What is the remainder when k is divided by h?
4
What is the remainder when 3 + (-1 - (3 + -4)) is divided by (2/6)/(-1) + 30/9?
0
Let c = 30 - 30. Let s(d) = -d**3 + 9. Calculate the remainder when s(c) is divided by 4.
1
Suppose -3*i - s = -1261, -106 = -2*i - 2*s + 736. Suppose -5*u = 9*u - i. What is the remainder when 113 is divided by u?
23
Suppose -15*l + 1022 = -928. What is the remainder when l is divided by 68?
62
Let z = 180 + -168. Let f be 1 - 5/(-1) - 1. Suppose f*a = -4*s + 32, -2*a - 16 = -2*s - 3*a. Calculate the remainder when z is divided by s.
4
Calculate the remainder when (-1211)/(-8) + (-39)/104 is divided by 77.
74
Let g be 130/(-4)*(-8)/(-10). Let p = 32 + g. Let y(c) = c**2 + 2*c + 21. Calculate the remainder when y(0) is divided by p.
3
Suppose -732 = -4*k + 88. What is the remainder when k is divided by (-24)/(-20)*(-2 + 544/12)?
49
Let a(i) be the second derivative of -i**3/3 + 12*i**2 - 17*i. What is the remainder when 17 is divided by a(7)?
7
Suppose -5*k + 14 = -2*o, 0*o + 3*k - 9 = o. Calculate the remainder when 43 is divided by o*5 - 14/(-35)*-10.
10
Let q = -367 - -380. Calculate the remainder when 584 is divided by q.
12
Let a be 2/(-4)*10*-11. Suppose -3*f - 132 = 3*x, 4*f + x + 100 + 61 = 0. Let z = f + a. Calculate the remainder when 30 is divided by z.
14
Let v = 71 - 13. Suppose 3*h + 2*h = -3*m + 61, 0 = 4*m - 5*h - v. Calculate the remainder when (-16)/3*9/(-1) is divided by m.
14
Suppose -h + 37 = 5. What is the remainder when (-61)/(1 + 1 + -3) is divided by h?
29
Let w = -17 - -20. Suppose 5*t + 5*l = 80, -w*l = -5*t + 2*l + 120. What is the remainde